2616654?
13
Calculate the remainder when 1958 is divided by 125.
83
What is the remainder when 4413 is divided by 1138?
999
What is the remainder when 3504 is divided by 985?
549
Calculate the remainder when 469680 is divided by 469385.
295
What is the remainder when 262915 is divided by 9057?
262
What is the remainder when 1581041 is divided by 105402?
11
Calculate the remainder when 504682409 is divided by 213.
209
What is the remainder when 1183955 is divided by 450?
5
What is the remainder when 338943 is divided by 169420?
103
Calculate the remainder when 1801599 is divided by 360298.
109
Calculate the remainder when 1100062 is divided by 91579.
1114
What is the remainder when 441626 is divided by 8826?
326
Calculate the remainder when 102083723 is divided by 457.
434
Calculate the remainder when 811152 is divided by 17633.
34
What is the remainder when 9338811 is divided by 9?
6
Calculate the remainder when 603275 is divided by 137.
64
Calculate the remainder when 446969 is divided by 2292.
29
Calculate the remainder when 44411140 is divided by 166.
164
Calculate the remainder when 376785 is divided by 1127.
367
Calculate the remainder when 11353102 is divided by 189217.
82
What is the remainder when 37070109 is divided by 12?
9
What is the remainder when 2441555 is divided by 19850?
5
What is the remainder when 559592 is divided by 2087?
276
Calculate the remainder when 40893441 is divided by 39.
30
Calculate the remainder when 13706 is divided by 1788.
1190
What is the remainder when 125777 is divided by 3142?
97
What is the remainder when 18251189 is divided by 9125592?
5
Calculate the remainder when 562314 is divided by 2434.
60
Calculate the remainder when 12568 is divided by 2447.
333
What is the remainder when 40332 is divided by 443?
19
Calculate the remainder when 68062 is divided by 9636.
610
What is the remainder when 27439 is divided by 27337?
102
What is the remainder when 7350834 is divided by 735083?
4
Calculate the remainder when 1222073 is divided by 42.
41
Calculate the remainder when 1823204 is divided by 376.
356
What is the remainder when 24063 is divided by 38?
9
Calculate the remainder when 14278008 is divided by 620.
28
Calculate the remainder when 104809437 is divided by 48.
45
What is the remainder when 11705 is divided by 8309?
3396
Calculate the remainder when 9028214 is divided by 1195.
1184
Calculate the remainder when 2559867 is divided by 1738.
1531
Calculate the remainder when 465703 is divided by 1059.
802
Calculate the remainder when 275135 is divided by 162.
59
Calculate the remainder when 1129017 is divided by 57.
18
Calculate the remainder when 877442 is divided by 877434.
8
What is the remainder when 23236800 is divided by 45?
15
Calculate the remainder when 467328 is divided by 16114.
22
What is the remainder when 289752 is divided by 48289?
18
Calculate the remainder when 605335 is divided by 22.
5
Calculate the remainder when 5965527 is divided by 43.
8
Calculate the remainder when 1294588 is divided by 13346.
26
What is the remainder when 7804770 is divided by 47?
44
What is the remainder when 140379498 is divided by 3002?
2976
What is the remainder when 7932143 is divided by 1448?
1447
What is the remainder when 1041906 is divided by 148831?
89
What is the remainder when 170742 is divided by 296?
246
Calculate the remainder when 274146 is divided by 21062.
340
Calculate the remainder when 143331 is divided by 2666.
2033
What is the remainder when 25113268 is divided by 26603?
36
What is the remainder when 258472 is divided by 41?
8
Calculate the remainder when 7854371 is divided by 2618123.
2
What is the remainder when 5077705 is divided by 74672?
9
Calculate the remainder when 275441 is divided by 1203.
1157
What is the remainder when 101304 is divided by 33543?
675
Calculate the remainder when 9689040 is divided by 13685.
60
What is the remainder when 1080958 is divided by 35?
18
Calculate the remainder when 182397263 is divided by 912.
911
What is the remainder when 14655495 is divided by 39?
36
What is the remainder when 16848439 is divided by 229?
222
Calculate the remainder when 848168 is divided by 2554.
240
What is the remainder when 247493 is divided by 1707?
1685
Calculate the remainder when 1109531 is divided by 605.
566
What is the remainder when 444219 is divided by 1915?
1854
What is the remainder when 4774374 is divided by 8188?
770
What is the remainder when 150464731 is divided by 159729?
13
Calculate the remainder when 186889 is divided by 186791.
98
Calculate the remainder when 4415522 is divided by 1103867.
54
What is the remainder when 340833 is divided by 3665?
3653
Calculate the remainder when 384527 is divided by 62.
3
What is the remainder when 39697720 is divided by 797?
744
What is the remainder when 876886953 is divided by 132?
129
Calculate the remainder when 396494 is divided by 9457.
8757
Calculate the remainder when 1836457 is divided by 2462.
2267
What is the remainder when 426109739 is divided by 10?
9
Calculate the remainder when 8142397 is divided by 3968.
61
What is the remainder when 82542155 is divided by 6?
5
Calculate the remainder when 204560 is divided by 2588.
108
Calculate the remainder when 3258229 is divided by 2775.
379
Calculate the remainder when 122268887 is divided by 1464.
1463
What is the remainder when 277365707 is divided by 36?
35
What is the remainder when 162673 is divided by 51290?
8803
What is the remainder when 9214170 is divided by 334?
112
What is the remainder when 21070 is divided by 1786?
1424
Calculate the remainder when 1223407 is divided by 54.
37
What is the remainder when 11357205 is divided by 2573?
2556
Calculate the remainder when 200666729 is divided by 50.
29
What is the remainder when 128367 is divided by 217?
120
What is the remainder when 1746001 is divided by 39?
10
What is the remainder when 315982 is divided by 7181?
18
Calculate the remainder when 560875 is divided by 70080.
235
What is the remainder when 16613 is divided by 930?
803
Calculate the remainder when 241158 is divided by 10468.
394
What is the remainder when 969557 is divided by 516?
509
What is the remainder when 196644647 is divided by 28?
3
Calculate the remainder when 577525 is divided by 4028.
1521
What is the remainder when 133780060 is divided by 482?
478
Calculate the remainder when 132519379 is divided by 5.
4
What is the remainder when 1247719 is divided by 51988?
7
Calculate the remainder when 258998 is divided by 45.
23
Calculate the remainder when 24067097 is divided by 386.
383
What is the remainder when 3092713 is divided by 42954?
25
What is the remainder when 1923744 is divided by 2091?
24
What is the remainder when 4417327 is divided by 3737?
193
What is the remainder when 22753488 is divided by 496?
480
What is the remainder when 4115030 is divided by 4114944?
86
Calculate the remainder when 104199219 is divided by 34733073.
0
What is the remainder when 8475513 is divided by 9283?
134
Calculate the remainder when 98121462 is divided by 56.
54
What is the remainder when 76764 is divided by 5107?
159
What is the remainder when 210140 is divided by 6179?
54
Calculate the remainder when 5476463 is divided by 5.
3
Calculate the remainder when 15740476 is divided by 1574047.
6
Calculate the remainder when 124412 is divided by 5168.
380
Calculate the remainder when 663384 is divided by 89.
67
Calculate the remainder when 21143600 is divided by 118.
6
What is the remainder when 2351949 is divided by 57362?
107
What is the remainder when 318505 is divided by 393?
175
What is the remainder when 9420917 is divided by 3140291?
44
What is the remainder when 230347 is divided by 5307?
2146
Calculate the remainder when 56366791 is divided by 913.
910
Calculate the remainder when 626302 is divided by 624043.
2259
Calculate the remainder when 367900 is divided by 18.
16
What is the remainder when 8708658 is divided by 5498?
5324
What is the remainder when 17820848 is divided by 1123?
1084
What is the remainder when 8830 is divided by 3235?
2360
Calculate the remainder when 10380056 is divided by 2594984.
120
What is the remainder when 857429 is divided by 4368?
1301
Calculate the remainder when 2058402 is divided by 2436.
2418
What is the remai